p**3. Let c(y) = 4*b(y) + 7*n(y). Give c(5).
2
Let x(l) be the second derivative of 1/12*l**4 - 1/2*l**2 - 1/6*l**3 + l + 0. Calculate x(3).
5
Let r(b) = b + 1. Let p(u) = 12*u + 5. Let a(h) = p(h) - 5*r(h). Let z = 3 - 2. Determine a(z).
7
Let l(h) = -5*h**3 - 3*h**2 - 8*h - 3. Let i(d) = -14*d**3 - 8*d**2 - 23*d - 8. Let n(q) = 6*i(q) - 17*l(q). Calculate n(-4).
-5
Let k(y) = -7*y**2 - 4*y - 2. Let q(f) = -3*f**2 - 2*f - 1. Let a(x) = -3*k(x) + 5*q(x). Suppose 7*b + 3 = -4. What is a(b)?
5
Let y = 13 - 8. Let l(h) be the first derivative of 2*h + 1/2*h**2 - 1. Determine l(y).
7
Suppose 3*g + 2*t - 2 + 0 = 0, 0 = 4*g - 4*t - 36. Let f(n) = n**3 - 4*n**2 + 2*n + 1. Determine f(g).
9
Let y(z) = 6*z**2 - z + 5. Let w be y(0). Let g(m) = m - 3. What is g(w)?
2
Let v(t) = 7*t**2 - 6*t**2 - 2*t - 1 + 7*t. Give v(-5).
-1
Let b(t) = t**2 - 4*t + 2. Let z be (1 - -2) + 2 + -2. Determine b(z).
-1
Let n(d) be the third derivative of -d**7/420 - d**6/180 + d**4/12 - d**3/6 + 2*d**2. Let c(z) be the first derivative of n(z). Calculate c(-2).
10
Let n(t) = 7*t**2 - 13*t - 3. Let i(g) = -4*g**2 + 7*g + 2. Let m(c) = -5*i(c) - 3*n(c). Suppose -r + 6 = 4*u - 13, -3*u = 2*r - 13. What is m(u)?
-6
Let d = -134 + 141. Let j(w) = -w**3 + 8*w**2 - 6*w + 5. Give j(d).
12
Let k be (-3 + 0)*10/(-6). Let g be 2/(-5) + 7/k. Let d be (-6)/(g + 1)*1. Let z(t) = -t**3 - 3*t**2 + t + 2. Calculate z(d).
-1
Let c = 69 - 68. Let d(n) = 11*n + 1. Calculate d(c).
12
Let k be 4 - (1 + 5 + -3). Let t(j) = -19*j**2 + 2*j - 1. Determine t(k).
-18
Let u(w) = w**3 - 5*w**2 - 6*w + 6. Let v = 30 + -24. What is u(v)?
6
Let p(m) = -m**2 + 15*m + 13. Suppose 4*h - u - 63 = 0, 2*h - 3*u - 61 = -2*h. What is p(h)?
-3
Let b(k) be the third derivative of -k**4/24 + 2*k**3 + 4*k**2. Determine b(5).
7
Let u(i) = 3*i**2 - 2*i - 1. Suppose -k - 6 = s, -5*s - 18 - 7 = 0. What is u(k)?
4
Let y(r) = 4*r**2 + 8*r - 1. Let c be ((-2)/5)/(6/30). Let n be 1 + (-2)/1 + c. Let d(b) = -5*b**2 - 9*b + 2. Let w(q) = n*d(q) - 4*y(q). Calculate w(-5).
-2
Let u(t) = -t + 20. Let p be u(15). Let y(c) be the second derivative of -1/2*c**4 + 5/6*c**3 + 1/2*c**2 + 0 + 1/20*c**p - 2*c. Give y(5).
1
Let r(x) = -x**3 + 5*x**2 + 2*x + 1. Let y(f) = -f. Let v be y(3). Let w(b) = b**3 - 5*b**2 - 3*b - 2. Let i(q) = v*w(q) - 4*r(q). Determine i(5).
7
Let f(l) be the first derivative of -l**2/2 + 2*l - 2. Let z = -9 - -12. Suppose -m - z = -2*j, j = 3*j - 3*m - 9. Calculate f(j).
2
Let v(p) be the second derivative of -p**6/360 - p**5/24 - p**3/3 + 3*p. Let u(i) be the second derivative of v(i). What is u(-6)?
-6
Let v(c) = c - 1. Let h be v(2). Let l be h + -8 - (-1 - 1). Let o(q) = -q**2 - 5*q + 4. Calculate o(l).
4
Let d(w) = w**3 + w - 1. Let f(t) = -2*t**3 + 6*t**2 - 7*t + 4. Let s(a) = -d(a) - f(a). Give s(4).
-11
Let m be 2/(-2) - (-9)/3. Suppose 0 = -r + 3*b - 1, 0*b + 2*b - m = r. Let n(y) = y**3 + 3*y**2 - 6*y - 1. Determine n(r).
7
Let r(t) = -t**3 + 3*t**2 + t - 4. Suppose 0 = 8*j - 9 - 15. Give r(j).
-1
Let m = 3 + 0. Let h(w) = m + 3 - 4 + 2*w. Give h(4).
10
Let z(u) = -u**2 - 3*u. Let q(d) = -d**3 - 4*d**2 - 2*d + 2. Let s be q(-2). Determine z(s).
2
Let s(v) = -v**3 - v. Let a(f) = 2*f**3 - f**2 + 5*f - 2. Let k(i) = a(i) + 3*s(i). Give k(2).
-10
Let j(b) = b - 1. Let q(h) = 3*h - 5. Let l(u) = -10*j(u) + 2*q(u). Determine l(1).
-4
Suppose 3*w = -0*w + 18. Let y(z) = z - 10. Let u be y(w). Let f(k) = k**2 + 3*k + 2. What is f(u)?
6
Let c(n) = -n**2 - n. Let z(d) = -2*d**2 - d. Let b(q) = 7*c(q) - 3*z(q). Suppose 9*r - 5*r = 36. Let x = 6 - r. Determine b(x).
3
Let q(k) be the third derivative of -k**4/24 - k**3/6 - 26*k**2. Determine q(5).
-6
Suppose -5*s + 5*x = -2*s + 11, 0 = 3*s + 2*x - 17. Let p(q) = 4*q**2 - 3 + 5 - 9*q**2 - q**s + 2. Give p(-5).
4
Let k(c) = -c - 8. Let i be k(0). Let j be (1 - i/(-2)) + 3. Let p(w) = 7*w - 2. Let d(h) = -h. Let b(n) = -6*d(n) - p(n). What is b(j)?
2
Let a(x) be the second derivative of 2*x - 5/12*x**4 + 0*x**3 + 1/2*x**2 + 0. Calculate a(-1).
-4
Let g be ((-135)/12)/5 - 24/32. Let f(n) be the second derivative of 0 - n + 1/12*n**4 + 3/2*n**2 + 2/3*n**3. What is f(g)?
0
Let h(u) = -u - 8. Let m be h(-10). Let w(j) = 5*j**2 + j**2 - 5 - 8*j - 2*j**2 - 3*j**m. Determine w(8).
-5
Let w be (2 + (-28)/12)*-9. Let n(m) = 2*m - 1. Calculate n(w).
5
Let a = -8 - -2. Let u(c) be the third derivative of -c**4/12 - 7*c**3/6 - 41*c**2. Give u(a).
5
Let d(t) be the third derivative of -t**6/120 + t**5/15 - t**4/24 - 2*t**3/3 + t**2. Let g be (4 + -1 - 4)*-1. Let z = 3 + g. Calculate d(z).
-8
Suppose d + 8*o - 10 = 12*o, -3*d + 3*o = -21. Let t(l) = -l**2 + 4*l + 4. Calculate t(d).
-8
Suppose 0 = 4*q - 8, -4*i + 5*q = 1 + 9. Let h be (-5 - -1)/2*-1. Suppose i = -0*a + a - h*o + 1, -4*a - 3*o = -7. Let m(g) = 7*g. Calculate m(a).
7
Suppose -x - 2 = 1. Let l(b) = 2*b**2 + 4 + 0*b + 0*b + 4*b. What is l(x)?
10
Suppose 0 + 1 = x. Let f(g) = 7*g**3 + g**2 - 13*g + 8. Let v(u) = u**3 + u**2 - u. Let w(t) = x*f(t) - 6*v(t). Give w(6).
2
Let l(a) = -a**3 + 3*a**2 - 2. Let x(n) = -n**3 + n**2 + 1. Let v be x(1). Suppose v = -o + 4. Determine l(o).
-2
Let m(v) be the second derivative of -1/2*v**2 + 0 + 9*v + 1/6*v**3. What is m(3)?
2
Let w(b) = -8*b. Suppose 0 = 8*f - 4*f - 4. What is w(f)?
-8
Let r(s) be the first derivative of s**3/3 - s**2/2 + 5. Let b(o) = -3*o**2 + 10*o + 4. Let v(a) = -b(a) - 4*r(a). Give v(-4).
4
Let f be (5 - (12 + -3))*3/(-4). Let m(l) = l + 6. Let t(g) = g + 1. Let w(q) = m(q) - 2*t(q). Calculate w(f).
1
Let m be (-12)/(-4) - 2 - -7. Let v be m/28 + (-78)/(-21). Let z(f) = -f**3 + 5*f**2 - 4*f - 1. Determine z(v).
-1
Let u(z) = z - 5. Let v be u(7). Let y be (-6)/v + -5 + 2. Let r(g) be the third derivative of -g**5/60 - 5*g**4/24 + g**3/3 + g**2. What is r(y)?
-4
Let w(m) = 3*m**2 - 4*m**2 - 3 - 2 - 3. Let a = 27 - 27. Determine w(a).
-8
Let d(p) = -p**3 - 6*p**2 - 4*p + 7. Let n be 15/10 - -26*(-1)/4. Determine d(n).
2
Let t = 7 - 4. Suppose 0 = 2*q + t*q. Let k(w) = 4*w**3 + 2*w**2 - w - 4. Let l(x) = -11*x**3 - 5*x**2 + 3*x + 12. Let n(y) = -8*k(y) - 3*l(y). What is n(q)?
-4
Let o(h) = -h**2 + 2*h - 3. Let i be o(2). Let n(v) be the first derivative of v**4/4 + v**3/3 - 2*v**2 + 1. Calculate n(i).
-6
Let r(i) = i**3 - 4*i**2 + 1. Let w(h) = 4*h**3 + 8*h - 8. Let g be w(1). Determine r(g).
1
Suppose -13 = o - 7. Let p(g) = g**3 + 7*g**2 + 7*g - 6. Calculate p(o).
-12
Suppose 10*m - 5*m = 4*i - 26, 5*i = -m + 18. Suppose 0*n - 8 = -i*n. Let s(u) = -2*u + 2 + 2*u**2 - 2*u**2 + u**n. Give s(3).
5
Let z(c) = -c**3 - 13*c**2 - 11*c + 13. Let r be z(-12). Let o(w) be the first derivative of 3*w**4 - w**3/3 + w**2/2 + 7. What is o(r)?
12
Let l(t) be the first derivative of -t**4/4 - 4*t**3/3 + t**2 - t + 2. Let r be (-78)/21 - (-4)/(-14). Determine l(r).
-9
Let m(f) = 2*f**2 + 6*f - 5. Let x = -51 + 46. Determine m(x).
15
Let x(q) = -2*q**3 + 4 - 8 - 4*q**2 + q + 3*q**3. Determine x(4).
0
Let u(v) = -v**3 + 8*v**2 - 8*v + 1. Let j be (-84)/(-8)*(-2)/(-3). What is u(j)?
-6
Let b be 6/(-18) + (-181)/(-3). Suppose 2*a + b = -2*q, -2*a + 7*q - 30 = 3*q. Let w be 20/a*(-10)/4. Let o(v) = -4*v + 1. What is o(w)?
-7
Let w(p) = -9*p**2 - 1. Let q = 3 - 2. Let c = q - -1. Suppose 4*f - o = -3*o + 10, c = -f + o. What is w(f)?
-10
Let i(d) be the third derivative of -1/8*d**4 + 0 + 0*d - 2*d**2 + 1/6*d**3. What is i(-2)?
7
Let l(d) = -4*d + 1. Let q be l(1). Let h(r) = r**2 + r. Let t(i) = -i**3 - i**2 + i. Let p(c) = -3*h(c) + t(c). Determine p(q).
-3
Let y(d) = 7*d - 3. Let h(i) = -13*i + 5. Let t(k) = 4*h(k) + 7*y(k). Calculate t(-1).
2
Let h = 13 - 10. Let i(m) = m**3 - 3*m**2 + m - 3. Give i(h).
0
Let o be (-1)/((-1)/(-2))*-2. Let r(l) = 2*l**2 - 4*l - 4. What is r(o)?
12
Let c(p) = 11*p**2 + 19*p + 10. Let j(g) = -5*g**2 - 9*g - 5. Let v(y) = -6*c(y) - 13*j(y). What is v(4)?
1
Suppose -3*l + 18 = -0*l. Let f(a) = -10*a**2 - 5 + 0 - 4*a + 11*a**2. Determine f(l).
7
Suppose 20 = 4*j + j. Suppose -5*f + 3 = -j*f. Let y(x) = 3 - x + 5*x - f*x. Calculate y(-3).
0
Let f(p) = -p**3 - 3*p**2 + 4*p - 3. Let b(a) = a**2 + 8*a + 8. Let d be b(-7). Let v = d + -1. Suppose 4*n + 16 = -v*n. Calculate f(n).
-3
Let w(q) be the first derivative of 1/12*q**4 + 5/2*q**2 - 7/6*q**3 + 2